{"id":5862,"date":"2025-04-24T09:20:28","date_gmt":"2025-04-24T08:20:28","guid":{"rendered":"https:\/\/lunzimalito.com\/?product=jeans-lanlaniee-pour-femme"},"modified":"2025-04-24T09:20:28","modified_gmt":"2025-04-24T08:20:28","slug":"jeans-lanlaniee-pour-femme","status":"publish","type":"product","link":"https:\/\/lunzimalito.com\/?product=jeans-lanlaniee-pour-femme","title":{"rendered":"JEANS LANLANIEE pour femme"},"content":{"rendered":"<p>LANLANIEE est plus qu&#8217;une simple marque de denim &#8211; c&#8217;est un mouvement qui allie un design moderne \u00e0 un confort classique. N\u00e9e d&#8217;une passion pour l&#8217;artisanat de qualit\u00e9 et la mode inclusive, LANLANIEE s&#8217;est fait une place dans le monde comp\u00e9titif des jeans pour femmes. <\/p>\n<p class=\"\" data-start=\"2423\" data-end=\"2631\">Des influenceurs Instagram aux ic\u00f4nes du style de la rue, les jeans LANLANIEE pour femmes sont devenus des incontournables de la garde-robe. Gr\u00e2ce \u00e0 leurs coupes audacieuses et \u00e0 leur \u00e9l\u00e9gance portable, ils font d\u00e9sormais partie des marques de jeans les plus recherch\u00e9es. <\/p>\n<p data-start=\"2423\" data-end=\"2631\">Fabriqu\u00e9 \u00e0 partir de m\u00e9langes de coton et d&#8217;\u00e9lasthanne de haute qualit\u00e9, le jean LANLANIEE offre juste ce qu&#8217;il faut d&#8217;extensibilit\u00e9 et de maintien. La mati\u00e8re est douce sur la peau, mais suffisamment solide pour r\u00e9sister \u00e0 l&#8217;usure. <\/p>\n","protected":false},"excerpt":{"rendered":"<p>Ce sont les petits d\u00e9tails qui font la diff\u00e9rence &#8211; broderie signature, ourlets bruts, coutures contrast\u00e9es et boutons personnalis\u00e9s &#8211; qui distinguent ce jean.<\/p>\n","protected":false},"featured_media":4758,"comment_status":"open","ping_status":"closed","template":"","meta":{"_joinchat":[]},"product_brand":[],"product_cat":[463,452,421,386,420,428,451,391],"product_tag":[453,383,394,384,419,389,390,382],"class_list":{"0":"post-5862","1":"product","2":"type-product","3":"status-publish","4":"has-post-thumbnail","6":"product_cat-dame","7":"product_cat-deko-fr","8":"product_cat-filles","9":"product_cat-ledis-besic-pantalon","10":"product_cat-mode-feminine","11":"product_cat-pantalon-besic","12":"product_cat-pantalon-en-jean","13":"product_cat-relucky-mode-pour-femmes","14":"product_tag-denim-fr","15":"product_tag-la-mode","16":"product_tag-le-monde-de-la-mode","17":"product_tag-ledis-fashion-fr","18":"product_tag-lunzimalito-com-fr","19":"product_tag-marque","20":"product_tag-mode-femmes","21":"product_tag-vetements","23":"first","24":"instock","25":"sale","26":"shipping-taxable","27":"purchasable","28":"product-type-simple"},"_links":{"self":[{"href":"https:\/\/lunzimalito.com\/index.php?rest_route=\/wp\/v2\/product\/5862","targetHints":{"allow":["GET"]}}],"collection":[{"href":"https:\/\/lunzimalito.com\/index.php?rest_route=\/wp\/v2\/product"}],"about":[{"href":"https:\/\/lunzimalito.com\/index.php?rest_route=\/wp\/v2\/types\/product"}],"replies":[{"embeddable":true,"href":"https:\/\/lunzimalito.com\/index.php?rest_route=%2Fwp%2Fv2%2Fcomments&post=5862"}],"wp:featuredmedia":[{"embeddable":true,"href":"https:\/\/lunzimalito.com\/index.php?rest_route=\/wp\/v2\/media\/4758"}],"wp:attachment":[{"href":"https:\/\/lunzimalito.com\/index.php?rest_route=%2Fwp%2Fv2%2Fmedia&parent=5862"}],"wp:term":[{"taxonomy":"product_brand","embeddable":true,"href":"https:\/\/lunzimalito.com\/index.php?rest_route=%2Fwp%2Fv2%2Fproduct_brand&post=5862"},{"taxonomy":"product_cat","embeddable":true,"href":"https:\/\/lunzimalito.com\/index.php?rest_route=%2Fwp%2Fv2%2Fproduct_cat&post=5862"},{"taxonomy":"product_tag","embeddable":true,"href":"https:\/\/lunzimalito.com\/index.php?rest_route=%2Fwp%2Fv2%2Fproduct_tag&post=5862"}],"curies":[{"name":"wp","href":"https:\/\/api.w.org\/{rel}","templated":true}]}}