{"id":5849,"date":"2025-04-24T07:09:06","date_gmt":"2025-04-24T06:09:06","guid":{"rendered":"https:\/\/lunzimalito.com\/?product=vindasion-jeans-a-la-mode-pour-femmes"},"modified":"2025-04-24T07:09:06","modified_gmt":"2025-04-24T06:09:06","slug":"vindasion-jeans-a-la-mode-pour-femmes","status":"publish","type":"product","link":"https:\/\/lunzimalito.com\/?product=vindasion-jeans-a-la-mode-pour-femmes","title":{"rendered":"VINDASION Jeans \u00e0 la mode pour femmes"},"content":{"rendered":"<p class=\"\" data-start=\"0\" data-end=\"342\">Chaque paire de <strong data-start=\"14\" data-end=\"45\">VINDASION Fashionable Jeans<\/strong> a \u00e9t\u00e9 con\u00e7ue avec le souci du d\u00e9tail, avec des coutures \u00e9l\u00e9gantes, des coupes qui mettent en valeur la silhouette et juste ce qu&#8217;il faut de stretch pour une coupe impeccable et confortable. Ces jeans bougent avec vous, offrant de la flexibilit\u00e9 sans perdre leur forme, pour que vous puissiez affronter votre journ\u00e9e dans le confort et la confiance. <\/p>\n<p class=\"\" data-start=\"344\" data-end=\"608\">Parfaites pour toutes les saisons, elles passent sans probl\u00e8me du jour \u00e0 la nuit. Associez-les \u00e0 une veste pour un look streetwear audacieux, ou habillez-les d&#8217;un pull douillet pour un week-end sans effort. Avec VINDASION, tout est question de polyvalence et d&#8217;expression personnelle.  <\/p>\n<p class=\"\" data-start=\"610\" data-end=\"862\">Plus qu&#8217;un simple denim, les <strong data-start=\"632\" data-end=\"663\">jeans VINDASION Fashionable Jeans<\/strong> sont le reflet de votre style unique &#8211; audacieux, confiant et toujours \u00e0 la mode. Rehaussez vos tenues de tous les jours et faites de chaque pas une \u00e9tape \u00e9l\u00e9gante avec des jeans qui sont aussi \u00e0 la mode qu&#8217;ils sont fonctionnels. <\/p>\n","protected":false},"excerpt":{"rendered":"<p>Les <strong data-start=\"734\" data-end=\"765\">jeans VINDASION Fashionable Jeans<\/strong> sont votre ticket pour la confiance, le style et le chic sans effort. Red\u00e9finissez votre jeu de denim avec une mode qui s&#8217;adapte \u00e0 votre personnalit\u00e9 &#8211; et \u00e0 votre vie. <\/p>\n","protected":false},"featured_media":4731,"comment_status":"open","ping_status":"closed","template":"","meta":{"_joinchat":[]},"product_brand":[],"product_cat":[463,452,421,386,420,428,451,391],"product_tag":[453,383,394,384,419,389,390,382],"class_list":{"0":"post-5849","1":"product","2":"type-product","3":"status-publish","4":"has-post-thumbnail","6":"product_cat-dame","7":"product_cat-deko-fr","8":"product_cat-filles","9":"product_cat-ledis-besic-pantalon","10":"product_cat-mode-feminine","11":"product_cat-pantalon-besic","12":"product_cat-pantalon-en-jean","13":"product_cat-relucky-mode-pour-femmes","14":"product_tag-denim-fr","15":"product_tag-la-mode","16":"product_tag-le-monde-de-la-mode","17":"product_tag-ledis-fashion-fr","18":"product_tag-lunzimalito-com-fr","19":"product_tag-marque","20":"product_tag-mode-femmes","21":"product_tag-vetements","23":"first","24":"instock","25":"sale","26":"shipping-taxable","27":"purchasable","28":"product-type-simple"},"_links":{"self":[{"href":"https:\/\/lunzimalito.com\/index.php?rest_route=\/wp\/v2\/product\/5849","targetHints":{"allow":["GET"]}}],"collection":[{"href":"https:\/\/lunzimalito.com\/index.php?rest_route=\/wp\/v2\/product"}],"about":[{"href":"https:\/\/lunzimalito.com\/index.php?rest_route=\/wp\/v2\/types\/product"}],"replies":[{"embeddable":true,"href":"https:\/\/lunzimalito.com\/index.php?rest_route=%2Fwp%2Fv2%2Fcomments&post=5849"}],"wp:featuredmedia":[{"embeddable":true,"href":"https:\/\/lunzimalito.com\/index.php?rest_route=\/wp\/v2\/media\/4731"}],"wp:attachment":[{"href":"https:\/\/lunzimalito.com\/index.php?rest_route=%2Fwp%2Fv2%2Fmedia&parent=5849"}],"wp:term":[{"taxonomy":"product_brand","embeddable":true,"href":"https:\/\/lunzimalito.com\/index.php?rest_route=%2Fwp%2Fv2%2Fproduct_brand&post=5849"},{"taxonomy":"product_cat","embeddable":true,"href":"https:\/\/lunzimalito.com\/index.php?rest_route=%2Fwp%2Fv2%2Fproduct_cat&post=5849"},{"taxonomy":"product_tag","embeddable":true,"href":"https:\/\/lunzimalito.com\/index.php?rest_route=%2Fwp%2Fv2%2Fproduct_tag&post=5849"}],"curies":[{"name":"wp","href":"https:\/\/api.w.org\/{rel}","templated":true}]}}