{"id":5711,"date":"2025-04-23T12:18:19","date_gmt":"2025-04-23T11:18:19","guid":{"rendered":"https:\/\/lunzimalito.com\/?product=pantalon-cudi-baggy-fit-pour-femme-2"},"modified":"2025-04-23T12:18:19","modified_gmt":"2025-04-23T11:18:19","slug":"pantalon-cudi-baggy-fit-pour-femme-2","status":"publish","type":"product","link":"https:\/\/lunzimalito.com\/?product=pantalon-cudi-baggy-fit-pour-femme-2","title":{"rendered":"Pantalon CUDI BAGGY FIT pour femme"},"content":{"rendered":"<p class=\"\" data-start=\"540\" data-end=\"705\">Vous recherchez le m\u00e9lange parfait de confort et de fra\u00eecheur ? Dites bonjour au <strong data-start=\"609\" data-end=\"641\">pantalon CUDI BAGGY FIT pour femme<\/strong> &#8211; le nec plus ultra du streetwear d\u00e9contract\u00e9 avec une touche de haute couture. <\/p>\n<p class=\"\" data-start=\"707\" data-end=\"1011\">Ce n&#8217;est pas seulement un pantalon, c&#8217;est toute une ambiance. Avec sa silhouette ample et surdimensionn\u00e9e et son design d\u00e9contract\u00e9, le pantalon Baggy Fit de CUDI vous donne un look de mannequin d\u00e9contract\u00e9 sans effort. Que vous l&#8217;associiez \u00e0 un crop top, un tee-shirt surdimensionn\u00e9 ou un sweat \u00e0 capuche, vous serez instantan\u00e9ment au service du style.  <\/p>\n<p class=\"\" data-start=\"1013\" data-end=\"1346\">Fabriqu\u00e9s dans un tissu doux et respirant avec juste ce qu&#8217;il faut de drap\u00e9, ils bougent avec vous tout au long de la journ\u00e9e &#8211; pas de rigidit\u00e9, pas de compression, juste une pure libert\u00e9. La taille haute et les jambes amples apportent \u00e9quilibre et attitude, tandis que les d\u00e9tails subtils de conception comme les panneaux cousus, les poches profondes et les ceintures \u00e9lastiques gardent les choses fra\u00eeches et fonctionnelles. <\/p>\n<p class=\"\" data-start=\"1348\" data-end=\"1586\">Qu&#8217;il s&#8217;agisse d&#8217;une course au caf\u00e9 ou d&#8217;une sortie d\u00e9contract\u00e9e, ce pantalon est fait pour les moments de la vie r\u00e9elle avec un flair digne d&#8217;une piste d&#8217;athl\u00e9tisme. Portez-le avec des baskets pour une esth\u00e9tique \u00ab trop cool pour s&#8217;en soucier \u00bb, ou habillez-le avec des bottes \u00e9paisses et un blazer ajust\u00e9 pour un contraste audacieux. <\/p>\n<p class=\"\" data-start=\"1588\" data-end=\"1728\"><strong data-start=\"1588\" data-end=\"1620\">Les pantalons CUDI BAGGY FIT pour femmes<\/strong> sont plus qu&#8217;une simple tendance &#8211; ils sont votre r\u00e9f\u00e9rence pour une mode audacieuse et insouciante. Appropriez-vous votre espace. Appropriez-vous votre style.  <\/p>\n","protected":false},"excerpt":{"rendered":"<p>ous \u00eates \u00e0 la recherche d&#8217;un m\u00e9lange parfait de confort et de fra\u00eecheur ? Dites bonjour au <strong data-start=\"609\" data-end=\"641\">pantalon CUDI BAGGY FIT pour femme<\/strong> &#8211; le nec plus ultra du streetwear d\u00e9contract\u00e9 avec une touche de haute couture. <\/p>\n","protected":false},"featured_media":4674,"comment_status":"open","ping_status":"closed","template":"","meta":{"_joinchat":[]},"product_brand":[],"product_cat":[463,452,421,386,420,428,451,391],"product_tag":[453,387,383,394,384,419,389,390,382],"class_list":{"0":"post-5711","1":"product","2":"type-product","3":"status-publish","4":"has-post-thumbnail","6":"product_cat-dame","7":"product_cat-deko-fr","8":"product_cat-filles","9":"product_cat-ledis-besic-pantalon","10":"product_cat-mode-feminine","11":"product_cat-pantalon-besic","12":"product_cat-pantalon-en-jean","13":"product_cat-relucky-mode-pour-femmes","14":"product_tag-denim-fr","15":"product_tag-femmes","16":"product_tag-la-mode","17":"product_tag-le-monde-de-la-mode","18":"product_tag-ledis-fashion-fr","19":"product_tag-lunzimalito-com-fr","20":"product_tag-marque","21":"product_tag-mode-femmes","22":"product_tag-vetements","24":"first","25":"instock","26":"sale","27":"shipping-taxable","28":"purchasable","29":"product-type-simple"},"_links":{"self":[{"href":"https:\/\/lunzimalito.com\/index.php?rest_route=\/wp\/v2\/product\/5711","targetHints":{"allow":["GET"]}}],"collection":[{"href":"https:\/\/lunzimalito.com\/index.php?rest_route=\/wp\/v2\/product"}],"about":[{"href":"https:\/\/lunzimalito.com\/index.php?rest_route=\/wp\/v2\/types\/product"}],"replies":[{"embeddable":true,"href":"https:\/\/lunzimalito.com\/index.php?rest_route=%2Fwp%2Fv2%2Fcomments&post=5711"}],"wp:featuredmedia":[{"embeddable":true,"href":"https:\/\/lunzimalito.com\/index.php?rest_route=\/wp\/v2\/media\/4674"}],"wp:attachment":[{"href":"https:\/\/lunzimalito.com\/index.php?rest_route=%2Fwp%2Fv2%2Fmedia&parent=5711"}],"wp:term":[{"taxonomy":"product_brand","embeddable":true,"href":"https:\/\/lunzimalito.com\/index.php?rest_route=%2Fwp%2Fv2%2Fproduct_brand&post=5711"},{"taxonomy":"product_cat","embeddable":true,"href":"https:\/\/lunzimalito.com\/index.php?rest_route=%2Fwp%2Fv2%2Fproduct_cat&post=5711"},{"taxonomy":"product_tag","embeddable":true,"href":"https:\/\/lunzimalito.com\/index.php?rest_route=%2Fwp%2Fv2%2Fproduct_tag&post=5711"}],"curies":[{"name":"wp","href":"https:\/\/api.w.org\/{rel}","templated":true}]}}