{"id":5640,"date":"2025-04-21T13:49:58","date_gmt":"2025-04-21T12:49:58","guid":{"rendered":"https:\/\/lunzimalito.com\/?product=lady-trending-fashion-jeans"},"modified":"2025-04-21T13:49:58","modified_gmt":"2025-04-21T12:49:58","slug":"lady-trending-fashion-jeans","status":"publish","type":"product","link":"https:\/\/lunzimalito.com\/?product=lady-trending-fashion-jeans","title":{"rendered":"Lady Trending Fashion Jeans"},"content":{"rendered":"<p class=\"\" data-start=\"7046\" data-end=\"7343\">LADY Trending Fashion s&#8217;adresse aux femmes qui veulent se faire remarquer, sans effort. Elle est chic sans \u00eatre extra, audacieuse sans \u00eatre criarde et confortable sans compromettre le style. Que vous souhaitiez renouveler votre garde-robe ou simplement vous procurer quelques pi\u00e8ces d&#8217;apparat, LADY vous offre un glam qui vous va comme un gant. &#8220;Du style sans en faire trop&#8221;. &#8220;Chaque pi\u00e8ce donne l&#8217;impression d&#8217;avoir \u00e9t\u00e9 fabriqu\u00e9e.<\/p>\n<p data-start=\"7046\" data-end=\"7343\">LADY Trending La mode n&#8217;est pas une simple \u00e9tiquette, c&#8217;est un mode de vie. Elle s&#8217;adresse aux femmes confiantes, \u00e9l\u00e9gantes et ind\u00e9pendantes qui veulent que leur garde-robe refl\u00e8te leur ambition, leur personnalit\u00e9 et leur style. <\/p>\n","protected":false},"excerpt":{"rendered":"<p>LADY Trending La mode n&#8217;est pas une simple \u00e9tiquette, c&#8217;est un mode de vie. Elle s&#8217;adresse aux femmes confiantes, \u00e9l\u00e9gantes et ind\u00e9pendantes qui veulent que leur garde-robe refl\u00e8te leur ambition, leur personnalit\u00e9 et leur style. <\/p>\n","protected":false},"featured_media":4548,"comment_status":"open","ping_status":"closed","template":"","meta":{"_joinchat":[]},"product_brand":[],"product_cat":[452,421,386,420,428,451,391],"product_tag":[453,383,394,384,419,389,390,382],"class_list":{"0":"post-5640","1":"product","2":"type-product","3":"status-publish","4":"has-post-thumbnail","6":"product_cat-deko-fr","7":"product_cat-filles","8":"product_cat-ledis-besic-pantalon","9":"product_cat-mode-feminine","10":"product_cat-pantalon-besic","11":"product_cat-pantalon-en-jean","12":"product_cat-relucky-mode-pour-femmes","13":"product_tag-denim-fr","14":"product_tag-la-mode","15":"product_tag-le-monde-de-la-mode","16":"product_tag-ledis-fashion-fr","17":"product_tag-lunzimalito-com-fr","18":"product_tag-marque","19":"product_tag-mode-femmes","20":"product_tag-vetements","22":"first","23":"instock","24":"sale","25":"shipping-taxable","26":"purchasable","27":"product-type-simple"},"_links":{"self":[{"href":"https:\/\/lunzimalito.com\/index.php?rest_route=\/wp\/v2\/product\/5640","targetHints":{"allow":["GET"]}}],"collection":[{"href":"https:\/\/lunzimalito.com\/index.php?rest_route=\/wp\/v2\/product"}],"about":[{"href":"https:\/\/lunzimalito.com\/index.php?rest_route=\/wp\/v2\/types\/product"}],"replies":[{"embeddable":true,"href":"https:\/\/lunzimalito.com\/index.php?rest_route=%2Fwp%2Fv2%2Fcomments&post=5640"}],"wp:featuredmedia":[{"embeddable":true,"href":"https:\/\/lunzimalito.com\/index.php?rest_route=\/wp\/v2\/media\/4548"}],"wp:attachment":[{"href":"https:\/\/lunzimalito.com\/index.php?rest_route=%2Fwp%2Fv2%2Fmedia&parent=5640"}],"wp:term":[{"taxonomy":"product_brand","embeddable":true,"href":"https:\/\/lunzimalito.com\/index.php?rest_route=%2Fwp%2Fv2%2Fproduct_brand&post=5640"},{"taxonomy":"product_cat","embeddable":true,"href":"https:\/\/lunzimalito.com\/index.php?rest_route=%2Fwp%2Fv2%2Fproduct_cat&post=5640"},{"taxonomy":"product_tag","embeddable":true,"href":"https:\/\/lunzimalito.com\/index.php?rest_route=%2Fwp%2Fv2%2Fproduct_tag&post=5640"}],"curies":[{"name":"wp","href":"https:\/\/api.w.org\/{rel}","templated":true}]}}