{"id":5630,"date":"2025-04-22T11:52:44","date_gmt":"2025-04-22T10:52:44","guid":{"rendered":"https:\/\/lunzimalito.com\/?product=filles-ladyn-sqrit-fashion"},"modified":"2025-04-22T11:52:44","modified_gmt":"2025-04-22T10:52:44","slug":"filles-ladyn-sqrit-fashion","status":"publish","type":"product","link":"https:\/\/lunzimalito.com\/?product=filles-ladyn-sqrit-fashion","title":{"rendered":"Filles LadyN Sqrit Fashion"},"content":{"rendered":"<p>Girls LadyN Sqrit Fashion semble faire r\u00e9f\u00e9rence \u00e0 un style ou \u00e0 un concept de marque li\u00e9 \u00e0 la mode pour filles, \u00e9ventuellement inspir\u00e9 par des motifs ludiques, jeunes ou sur le th\u00e8me des personnages. Bien qu&#8217;il n&#8217;y ait pas d&#8217;information directe sur une marque ou une collection nomm\u00e9e \u00ab Girls LadyN Sqrit Fashion \u00bb dans les r\u00e9sultats de recherche, l&#8217;exemple le plus pertinent est le \u00ab Squirt Fashion T-Shirt for Girls \u00bb de Disney Store, qui met en sc\u00e8ne Squirt, la tortue de mer du film <em>Finding Nemo<\/em> de Disney et Pixar. Ce tee-shirt est d\u00e9crit comme une pi\u00e8ce tendance et d\u00e9contract\u00e9e avec un tissu mouchet\u00e9, des graphismes en couleurs vives, un ourlet nou\u00e9, des manches courtes et une encolure d\u00e9gag\u00e9e, alliant confort et style amusant et jeune inspir\u00e9 par un personnage d&#8217;animation bien-aim\u00e9.  <\/p>\n<p>Si \u00ab LadyN \u00bb et \u00ab Sqrit \u00bb sont consid\u00e9r\u00e9s comme des \u00e9l\u00e9ments de style ou de marque, ils peuvent \u00e9voquer un style de mode frais, spirituel et ludique pour les filles, combinant des v\u00eatements brillants et graphiques avec des coupes d\u00e9contract\u00e9es et confortables convenant \u00e0 un usage quotidien. Cette mode met souvent l&#8217;accent sur des imprim\u00e9s vibrants, des motifs de personnages et des coupes d\u00e9contract\u00e9es qui r\u00e9pondent aux go\u00fbts des jeunes filles et \u00e0 leur mode de vie actif <\/p>\n<p>En r\u00e9sum\u00e9, \u00ab Girls LadyN Sqrit Fashion \u00bb d\u00e9signe probablement un style de mode jeune, inspir\u00e9 de personnages, pour les filles, illustr\u00e9 par des articles tels que le T-shirt Disney Squirt, qui associe des graphismes ludiques \u00e0 des mod\u00e8les confortables et \u00e0 la mode<span class=\"whitespace-nowrap\">.<\/span> En l&#8217;absence de pr\u00e9cisions suppl\u00e9mentaires, cette description correspond le mieux aux informations disponibles.<\/p>\n","protected":false},"excerpt":{"rendered":"<p class=\"my-0\">\u00ab LadyN \u00bb et \u00ab Sqrit \u00bb sont con\u00e7us comme des \u00e9l\u00e9ments de style ou de marque, ils peuvent \u00e9voquer un style de mode frais, spirituel et ludique pour les filles, combinant des v\u00eatements brillants et graphiques avec des coupes d\u00e9contract\u00e9es et confortables convenant \u00e0 un usage quotidien. Cette mode met souvent l&#8217;accent sur des imprim\u00e9s vibrants, des motifs de personnages et des coupes d\u00e9contract\u00e9es qui r\u00e9pondent aux go\u00fbts des jeunes filles et \u00e0 leur mode de vie actif. <\/p>\n<p class=\"my-0\">\n","protected":false},"featured_media":4611,"comment_status":"open","ping_status":"closed","template":"","meta":{"_joinchat":[]},"product_brand":[],"product_cat":[452,421,386,420,428,451,391],"product_tag":[453,383,394,384,419,389,390,382],"class_list":{"0":"post-5630","1":"product","2":"type-product","3":"status-publish","4":"has-post-thumbnail","6":"product_cat-deko-fr","7":"product_cat-filles","8":"product_cat-ledis-besic-pantalon","9":"product_cat-mode-feminine","10":"product_cat-pantalon-besic","11":"product_cat-pantalon-en-jean","12":"product_cat-relucky-mode-pour-femmes","13":"product_tag-denim-fr","14":"product_tag-la-mode","15":"product_tag-le-monde-de-la-mode","16":"product_tag-ledis-fashion-fr","17":"product_tag-lunzimalito-com-fr","18":"product_tag-marque","19":"product_tag-mode-femmes","20":"product_tag-vetements","22":"first","23":"instock","24":"sale","25":"shipping-taxable","26":"purchasable","27":"product-type-simple"},"_links":{"self":[{"href":"https:\/\/lunzimalito.com\/index.php?rest_route=\/wp\/v2\/product\/5630","targetHints":{"allow":["GET"]}}],"collection":[{"href":"https:\/\/lunzimalito.com\/index.php?rest_route=\/wp\/v2\/product"}],"about":[{"href":"https:\/\/lunzimalito.com\/index.php?rest_route=\/wp\/v2\/types\/product"}],"replies":[{"embeddable":true,"href":"https:\/\/lunzimalito.com\/index.php?rest_route=%2Fwp%2Fv2%2Fcomments&post=5630"}],"wp:featuredmedia":[{"embeddable":true,"href":"https:\/\/lunzimalito.com\/index.php?rest_route=\/wp\/v2\/media\/4611"}],"wp:attachment":[{"href":"https:\/\/lunzimalito.com\/index.php?rest_route=%2Fwp%2Fv2%2Fmedia&parent=5630"}],"wp:term":[{"taxonomy":"product_brand","embeddable":true,"href":"https:\/\/lunzimalito.com\/index.php?rest_route=%2Fwp%2Fv2%2Fproduct_brand&post=5630"},{"taxonomy":"product_cat","embeddable":true,"href":"https:\/\/lunzimalito.com\/index.php?rest_route=%2Fwp%2Fv2%2Fproduct_cat&post=5630"},{"taxonomy":"product_tag","embeddable":true,"href":"https:\/\/lunzimalito.com\/index.php?rest_route=%2Fwp%2Fv2%2Fproduct_tag&post=5630"}],"curies":[{"name":"wp","href":"https:\/\/api.w.org\/{rel}","templated":true}]}}