{"id":5624,"date":"2025-04-22T07:42:53","date_gmt":"2025-04-22T06:42:53","guid":{"rendered":"https:\/\/lunzimalito.com\/?product=jeans-vantei-pour-femmes"},"modified":"2025-04-22T07:42:53","modified_gmt":"2025-04-22T06:42:53","slug":"jeans-vantei-pour-femmes","status":"publish","type":"product","link":"https:\/\/lunzimalito.com\/?product=jeans-vantei-pour-femmes","title":{"rendered":"Jeans VANTEI pour femmes"},"content":{"rendered":"<p>Vous cherchez un jean qui soit chic sans effort, incroyablement flatteur et fait pour bouger avec vous ? Dites bonjour aux <strong data-start=\"688\" data-end=\"712\">jeans VANTEI pour femmes, votre<\/strong>nouvelle obsession en mati\u00e8re de denim. Ces jeans sont l&#8217;\u00e9quilibre parfait entre le cool d\u00e9contract\u00e9 et le pr\u00eat-\u00e0-porter, con\u00e7us pour les femmes qui veulent se d\u00e9marquer <em data-start=\"854\" data-end=\"883\">sans sacrifier le confort.<\/em>  <\/p>\n<p>VANTEI sait ce que la femme d&#8217;aujourd&#8217;hui veut : un jean qui lui va comme un charme, qui reste \u00e9l\u00e9gant au fil des saisons et qui est aussi agr\u00e9able \u00e0 porter qu&#8217;\u00e0 regarder. Chaque paire de jeans VANTEI est fabriqu\u00e9e avec amour, avec le souci du d\u00e9tail et dans un tissu qui flatte vos formes de toutes les mani\u00e8res possibles. <\/p>\n","protected":false},"excerpt":{"rendered":"<p><strong data-start=\"2015\" data-end=\"2039\">Les jeans VANTEI pour femmes<\/strong> ne sont pas simplement une autre paire de jeans &#8211; ils sont <em data-start=\"2082\" data-end=\"2087\">la<\/em> paire. Celui que vous porterez encore et encore. Le style, le confort et la confiance sont r\u00e9unis dans un seul et m\u00eame morceau de denim.  <\/p>\n","protected":false},"featured_media":4575,"comment_status":"open","ping_status":"closed","template":"","meta":{"_joinchat":[]},"product_brand":[],"product_cat":[452,421,386,420,428,451,391],"product_tag":[453,387,383,394,384,419,389,382],"class_list":{"0":"post-5624","1":"product","2":"type-product","3":"status-publish","4":"has-post-thumbnail","6":"product_cat-deko-fr","7":"product_cat-filles","8":"product_cat-ledis-besic-pantalon","9":"product_cat-mode-feminine","10":"product_cat-pantalon-besic","11":"product_cat-pantalon-en-jean","12":"product_cat-relucky-mode-pour-femmes","13":"product_tag-denim-fr","14":"product_tag-femmes","15":"product_tag-la-mode","16":"product_tag-le-monde-de-la-mode","17":"product_tag-ledis-fashion-fr","18":"product_tag-lunzimalito-com-fr","19":"product_tag-marque","20":"product_tag-vetements","22":"first","23":"instock","24":"sale","25":"shipping-taxable","26":"purchasable","27":"product-type-simple"},"_links":{"self":[{"href":"https:\/\/lunzimalito.com\/index.php?rest_route=\/wp\/v2\/product\/5624","targetHints":{"allow":["GET"]}}],"collection":[{"href":"https:\/\/lunzimalito.com\/index.php?rest_route=\/wp\/v2\/product"}],"about":[{"href":"https:\/\/lunzimalito.com\/index.php?rest_route=\/wp\/v2\/types\/product"}],"replies":[{"embeddable":true,"href":"https:\/\/lunzimalito.com\/index.php?rest_route=%2Fwp%2Fv2%2Fcomments&post=5624"}],"wp:featuredmedia":[{"embeddable":true,"href":"https:\/\/lunzimalito.com\/index.php?rest_route=\/wp\/v2\/media\/4575"}],"wp:attachment":[{"href":"https:\/\/lunzimalito.com\/index.php?rest_route=%2Fwp%2Fv2%2Fmedia&parent=5624"}],"wp:term":[{"taxonomy":"product_brand","embeddable":true,"href":"https:\/\/lunzimalito.com\/index.php?rest_route=%2Fwp%2Fv2%2Fproduct_brand&post=5624"},{"taxonomy":"product_cat","embeddable":true,"href":"https:\/\/lunzimalito.com\/index.php?rest_route=%2Fwp%2Fv2%2Fproduct_cat&post=5624"},{"taxonomy":"product_tag","embeddable":true,"href":"https:\/\/lunzimalito.com\/index.php?rest_route=%2Fwp%2Fv2%2Fproduct_tag&post=5624"}],"curies":[{"name":"wp","href":"https:\/\/api.w.org\/{rel}","templated":true}]}}