{"id":5599,"date":"2025-04-20T09:43:21","date_gmt":"2025-04-20T08:43:21","guid":{"rendered":"https:\/\/lunzimalito.com\/?product=podstawowa-kolekcja-spodni-damskich-2"},"modified":"2025-04-20T09:43:21","modified_gmt":"2025-04-20T08:43:21","slug":"podstawowa-kolekcja-spodni-damskich-2","status":"publish","type":"product","link":"https:\/\/lunzimalito.com\/?product=podstawowa-kolekcja-spodni-damskich-2","title":{"rendered":"Podstawowa kolekcja spodni damskich."},"content":{"rendered":"<p>Tysi\u0105ce kobiet zakocha\u0142o si\u0119 ju\u017c w <strong data-start=\"1651\" data-end=\"1690\">kolekcji spodni damskich It&#8217;s Basic<\/strong> i nie mo\u017cemy si\u0119 doczeka\u0107, a\u017c i Ty je wypr\u00f3bujesz. Niezale\u017cnie od tego, czy chcesz zachowa\u0107 pow\u015bci\u0105gliwo\u015b\u0107, czy ubierasz si\u0119 na co dzie\u0144, te spodnie zapewni\u0105 Ci wsparcie &#8211; ka\u017cdego dnia.Ta kolekcja to przede wszystkim <strong data-start=\"731\" data-end=\"754\">niewymuszona elegancja<\/strong>. Zaprojektowane do noszenia na co dzie\u0144, spodnie te oferuj\u0105 czyst\u0105, nowoczesn\u0105 sylwetk\u0119, kt\u00f3ra pasuje do ka\u017cdego typu cia\u0142a. Niezale\u017cnie od tego, czy ubierasz si\u0119 do pracy, odpoczywasz w domu, czy wybierasz si\u0119 na swobodny dzie\u0144 z przyjaci\u00f3\u0142mi, te spodnie s\u0105 stworzone do poruszania si\u0119 z Tob\u0105 &#8211; wygodnie i pewnie.   <\/p>\n","protected":false},"excerpt":{"rendered":"<p>Ta kolekcja to przede wszystkim <strong data-start=\"731\" data-end=\"754\">niewymuszona elegancja<\/strong>. Zaprojektowane do noszenia na co dzie\u0144, spodnie te oferuj\u0105 czyst\u0105, nowoczesn\u0105 sylwetk\u0119, kt\u00f3ra pasuje do ka\u017cdego typu cia\u0142a. Niezale\u017cnie od tego, czy ubierasz si\u0119 do pracy, odpoczywasz w domu, czy wybierasz si\u0119 na swobodny dzie\u0144 z przyjaci\u00f3\u0142mi, te spodnie s\u0105 stworzone do poruszania si\u0119 z Tob\u0105 &#8211; wygodnie i pewnie.  <\/p>\n","protected":false},"featured_media":4426,"comment_status":"open","ping_status":"closed","template":"","meta":{"_joinchat":[]},"product_brand":[],"product_cat":[374],"product_tag":[381,396,406,376],"class_list":{"0":"post-5599","1":"product","2":"type-product","3":"status-publish","4":"has-post-thumbnail","6":"product_cat-bez-kategorii","7":"product_tag-damskie","8":"product_tag-moda-damska","9":"product_tag-swiat-mody","10":"product_tag-ubrania","12":"first","13":"instock","14":"sale","15":"shipping-taxable","16":"purchasable","17":"product-type-simple"},"_links":{"self":[{"href":"https:\/\/lunzimalito.com\/index.php?rest_route=\/wp\/v2\/product\/5599","targetHints":{"allow":["GET"]}}],"collection":[{"href":"https:\/\/lunzimalito.com\/index.php?rest_route=\/wp\/v2\/product"}],"about":[{"href":"https:\/\/lunzimalito.com\/index.php?rest_route=\/wp\/v2\/types\/product"}],"replies":[{"embeddable":true,"href":"https:\/\/lunzimalito.com\/index.php?rest_route=%2Fwp%2Fv2%2Fcomments&post=5599"}],"wp:featuredmedia":[{"embeddable":true,"href":"https:\/\/lunzimalito.com\/index.php?rest_route=\/wp\/v2\/media\/4426"}],"wp:attachment":[{"href":"https:\/\/lunzimalito.com\/index.php?rest_route=%2Fwp%2Fv2%2Fmedia&parent=5599"}],"wp:term":[{"taxonomy":"product_brand","embeddable":true,"href":"https:\/\/lunzimalito.com\/index.php?rest_route=%2Fwp%2Fv2%2Fproduct_brand&post=5599"},{"taxonomy":"product_cat","embeddable":true,"href":"https:\/\/lunzimalito.com\/index.php?rest_route=%2Fwp%2Fv2%2Fproduct_cat&post=5599"},{"taxonomy":"product_tag","embeddable":true,"href":"https:\/\/lunzimalito.com\/index.php?rest_route=%2Fwp%2Fv2%2Fproduct_tag&post=5599"}],"curies":[{"name":"wp","href":"https:\/\/api.w.org\/{rel}","templated":true}]}}