{"id":5596,"date":"2025-04-20T14:11:41","date_gmt":"2025-04-20T13:11:41","guid":{"rendered":"https:\/\/lunzimalito.com\/?product=jeans-femme-basic-trending"},"modified":"2025-04-20T14:11:41","modified_gmt":"2025-04-20T13:11:41","slug":"jeans-femme-basic-trending","status":"publish","type":"product","link":"https:\/\/lunzimalito.com\/?product=jeans-femme-basic-trending","title":{"rendered":"Jeans Femme Basic Trending"},"content":{"rendered":"<p class=\"\" data-start=\"574\" data-end=\"855\">Vous \u00eates \u00e0 la recherche d&#8217;un jean qui va litt\u00e9ralement avec <em data-start=\"615\" data-end=\"627\">tout<\/em>? Dites bonjour aux <strong data-start=\"646\" data-end=\"683\">jeans pour femmes It&#8217;s Basic Trending<\/strong> &#8211; le choix ultime pour les femmes modernes qui recherchent le confort sans sacrifier le style. Ce jean allie le meilleur du denim intemporel \u00e0 une touche de fra\u00eecheur et de mode.  <\/p>\n<p class=\"\" data-start=\"902\" data-end=\"1173\">Fabriqu\u00e9 dans un tissu en coton m\u00e9lang\u00e9 de premi\u00e8re qualit\u00e9 avec une touche de stretch, ce jean est aussi confortable qu&#8217;il est mignon. Que vous soyez en d\u00e9placement ou simplement en train de fl\u00e2ner, il bouge avec votre corps et garde sa forme. Dites adieu aux jeans rigides et inconfortables &#8211; ces jeans sont faits pour \u00eatre port\u00e9s.  <\/p>\n","protected":false},"excerpt":{"rendered":"<p class=\"\" data-start=\"1538\" data-end=\"1715\">Portez ce jean avec des talons et un blazer pour sortir le soir ou avec des baskets et un tee-shirt rentr\u00e9 dans le pantalon pour un look d\u00e9contract\u00e9 sans effort. Polyvalent ? Absolument. \u00c9l\u00e9gant ? Toujours.    <\/p>\n","protected":false},"featured_media":4482,"comment_status":"open","ping_status":"closed","template":"","meta":{"_joinchat":[]},"product_brand":[],"product_cat":[373],"product_tag":[387,384,389,382],"class_list":{"0":"post-5596","1":"product","2":"type-product","3":"status-publish","4":"has-post-thumbnail","6":"product_cat-non-categorise","7":"product_tag-femmes","8":"product_tag-ledis-fashion-fr","9":"product_tag-marque","10":"product_tag-vetements","12":"first","13":"instock","14":"sale","15":"shipping-taxable","16":"purchasable","17":"product-type-simple"},"_links":{"self":[{"href":"https:\/\/lunzimalito.com\/index.php?rest_route=\/wp\/v2\/product\/5596","targetHints":{"allow":["GET"]}}],"collection":[{"href":"https:\/\/lunzimalito.com\/index.php?rest_route=\/wp\/v2\/product"}],"about":[{"href":"https:\/\/lunzimalito.com\/index.php?rest_route=\/wp\/v2\/types\/product"}],"replies":[{"embeddable":true,"href":"https:\/\/lunzimalito.com\/index.php?rest_route=%2Fwp%2Fv2%2Fcomments&post=5596"}],"wp:featuredmedia":[{"embeddable":true,"href":"https:\/\/lunzimalito.com\/index.php?rest_route=\/wp\/v2\/media\/4482"}],"wp:attachment":[{"href":"https:\/\/lunzimalito.com\/index.php?rest_route=%2Fwp%2Fv2%2Fmedia&parent=5596"}],"wp:term":[{"taxonomy":"product_brand","embeddable":true,"href":"https:\/\/lunzimalito.com\/index.php?rest_route=%2Fwp%2Fv2%2Fproduct_brand&post=5596"},{"taxonomy":"product_cat","embeddable":true,"href":"https:\/\/lunzimalito.com\/index.php?rest_route=%2Fwp%2Fv2%2Fproduct_cat&post=5596"},{"taxonomy":"product_tag","embeddable":true,"href":"https:\/\/lunzimalito.com\/index.php?rest_route=%2Fwp%2Fv2%2Fproduct_tag&post=5596"}],"curies":[{"name":"wp","href":"https:\/\/api.w.org\/{rel}","templated":true}]}}