{"id":5579,"date":"2025-04-20T09:08:25","date_gmt":"2025-04-20T08:08:25","guid":{"rendered":"https:\/\/lunzimalito.com\/?product=swiat-mody-damskiej-relucky"},"modified":"2025-04-20T09:08:25","modified_gmt":"2025-04-20T08:08:25","slug":"swiat-mody-damskiej-relucky","status":"publish","type":"product","link":"https:\/\/lunzimalito.com\/?product=swiat-mody-damskiej-relucky","title":{"rendered":"\u015awiat mody damskiej Relucky"},"content":{"rendered":"<p class=\"\" data-start=\"535\" data-end=\"796\">Wkrocz do <strong data-start=\"549\" data-end=\"582\">\u015bwiata mody damskiej Relucky<\/strong>, gdzie codzienny styl zmienia si\u0119 w co\u015b niezwyk\u0142ego. To nie tylko kolekcja ubra\u0144 &#8211; to styl \u017cycia zaprojektowany dla kobiet, kt\u00f3re chc\u0105 czu\u0107 si\u0119 pewnie, komfortowo i szykownie bez wzgl\u0119du na to, gdzie si\u0119 udaj\u0105. <\/p>\n<p class=\"\" data-start=\"798\" data-end=\"1066\"><strong data-start=\"851\" data-end=\"905\">Relucky \u0142\u0105czy nowoczesne trendy z ponadczasowymi wzorami<\/strong>&#8211; od d\u017cins\u00f3w w stylu street-smart po mi\u0119kkie ubrania na co dzie\u0144. Niezale\u017cnie od tego, czy lubisz swobodny wygl\u0105d, kochasz odrobin\u0119 kraw\u0119dzi, czy te\u017c chcesz, aby Twoja garderoba odzwierciedla\u0142a niewymuszon\u0105 elegancj\u0119, Relucky ma element z Twoim imieniem. <\/p>\n","protected":false},"excerpt":{"rendered":"<p class=\"\" data-start=\"2007\" data-end=\"2317\">W Relucky nie chodzi tylko o to, co nosisz &#8211; chodzi o to, jak si\u0119 w tym <em data-start=\"2076\" data-end=\"2082\">czujesz<\/em>. Ka\u017cdy element zosta\u0142 zaprojektowany tak, aby pom\u00f3c Ci porusza\u0107 si\u0119 z pewno\u015bci\u0105 siebie, wyra\u017ca\u0107 swoj\u0105 osobowo\u015b\u0107 i posiada\u0107 swoj\u0105 chwil\u0119. Niezale\u017cnie od tego, czy wybierasz si\u0119 do biura, spotykasz si\u0119 z przyjaci\u00f3\u0142mi, czy po prostu wibrujesz przez ca\u0142y dzie\u0144, Relucky jest Twoim codziennym partnerem w modzie.  <\/p>\n","protected":false},"featured_media":4417,"comment_status":"open","ping_status":"closed","template":"","meta":{"_joinchat":[]},"product_brand":[],"product_cat":[397],"product_tag":[395,396,376],"class_list":{"0":"post-5579","1":"product","2":"type-product","3":"status-publish","4":"has-post-thumbnail","6":"product_cat-moda-damska-relucky","7":"product_tag-marka","8":"product_tag-moda-damska","9":"product_tag-ubrania","11":"first","12":"instock","13":"sale","14":"shipping-taxable","15":"purchasable","16":"product-type-simple"},"_links":{"self":[{"href":"https:\/\/lunzimalito.com\/index.php?rest_route=\/wp\/v2\/product\/5579","targetHints":{"allow":["GET"]}}],"collection":[{"href":"https:\/\/lunzimalito.com\/index.php?rest_route=\/wp\/v2\/product"}],"about":[{"href":"https:\/\/lunzimalito.com\/index.php?rest_route=\/wp\/v2\/types\/product"}],"replies":[{"embeddable":true,"href":"https:\/\/lunzimalito.com\/index.php?rest_route=%2Fwp%2Fv2%2Fcomments&post=5579"}],"wp:featuredmedia":[{"embeddable":true,"href":"https:\/\/lunzimalito.com\/index.php?rest_route=\/wp\/v2\/media\/4417"}],"wp:attachment":[{"href":"https:\/\/lunzimalito.com\/index.php?rest_route=%2Fwp%2Fv2%2Fmedia&parent=5579"}],"wp:term":[{"taxonomy":"product_brand","embeddable":true,"href":"https:\/\/lunzimalito.com\/index.php?rest_route=%2Fwp%2Fv2%2Fproduct_brand&post=5579"},{"taxonomy":"product_cat","embeddable":true,"href":"https:\/\/lunzimalito.com\/index.php?rest_route=%2Fwp%2Fv2%2Fproduct_cat&post=5579"},{"taxonomy":"product_tag","embeddable":true,"href":"https:\/\/lunzimalito.com\/index.php?rest_route=%2Fwp%2Fv2%2Fproduct_tag&post=5579"}],"curies":[{"name":"wp","href":"https:\/\/api.w.org\/{rel}","templated":true}]}}